{"id":76,"date":"2026-03-31T03:43:12","date_gmt":"2026-03-31T06:43:12","guid":{"rendered":"https:\/\/applebook.com.br\/?post_type=product&#038;p=76"},"modified":"2026-05-04T17:47:40","modified_gmt":"2026-05-04T20:47:40","slug":"placa-de-video-gamer-peladn-gtx-1660-super-6gb-gddr6","status":"publish","type":"product","link":"https:\/\/applebook.com.br\/?product=placa-de-video-gamer-peladn-gtx-1660-super-6gb-gddr6","title":{"rendered":"Placa de V\u00eddeo Peladn Gtx 1660 Super 6gb Gddr6"},"content":{"rendered":"","protected":false},"excerpt":{"rendered":"<p><span style=\"font-weight: 400;\">A PELADN KAITIAN GTX 1660 Super \u00e9 uma placa de v\u00eddeo potente equipada com 6GB de mem\u00f3ria GDDR6 e interface de 192 bits, ideal para quem busca alto desempenho em jogos, edi\u00e7\u00e3o de v\u00eddeo e outras tarefas gr\u00e1ficas intensas.<\/span><\/p>\n","protected":false},"featured_media":78,"comment_status":"closed","ping_status":"closed","template":"","meta":[],"product_brand":[27],"product_cat":[17,25],"product_tag":[],"class_list":{"0":"post-76","1":"product","2":"type-product","3":"status-publish","4":"has-post-thumbnail","6":"product_brand-peladn","7":"product_cat-hardware","8":"product_cat-placa-de-video","10":"first","11":"instock","12":"shipping-taxable","13":"purchasable","14":"product-type-simple"},"_links":{"self":[{"href":"https:\/\/applebook.com.br\/index.php?rest_route=\/wp\/v2\/product\/76","targetHints":{"allow":["GET"]}}],"collection":[{"href":"https:\/\/applebook.com.br\/index.php?rest_route=\/wp\/v2\/product"}],"about":[{"href":"https:\/\/applebook.com.br\/index.php?rest_route=\/wp\/v2\/types\/product"}],"replies":[{"embeddable":true,"href":"https:\/\/applebook.com.br\/index.php?rest_route=%2Fwp%2Fv2%2Fcomments&post=76"}],"wp:featuredmedia":[{"embeddable":true,"href":"https:\/\/applebook.com.br\/index.php?rest_route=\/wp\/v2\/media\/78"}],"wp:attachment":[{"href":"https:\/\/applebook.com.br\/index.php?rest_route=%2Fwp%2Fv2%2Fmedia&parent=76"}],"wp:term":[{"taxonomy":"product_brand","embeddable":true,"href":"https:\/\/applebook.com.br\/index.php?rest_route=%2Fwp%2Fv2%2Fproduct_brand&post=76"},{"taxonomy":"product_cat","embeddable":true,"href":"https:\/\/applebook.com.br\/index.php?rest_route=%2Fwp%2Fv2%2Fproduct_cat&post=76"},{"taxonomy":"product_tag","embeddable":true,"href":"https:\/\/applebook.com.br\/index.php?rest_route=%2Fwp%2Fv2%2Fproduct_tag&post=76"}],"curies":[{"name":"wp","href":"https:\/\/api.w.org\/{rel}","templated":true}]}}